{"id":69336,"date":"2020-03-26T18:52:37","date_gmt":"2020-03-26T17:52:37","guid":{"rendered":"http:\/\/gabrielagoffiprofumeria.com\/new\/?post_type=product&#038;p=69336"},"modified":"2023-11-03T17:14:07","modified_gmt":"2023-11-03T16:14:07","slug":"tonique-relaxant","status":"publish","type":"product","link":"https:\/\/gabrielagoffiprofumeria.com\/new\/product\/tonique-relaxant\/","title":{"rendered":"Tonique Relaxant"},"content":{"rendered":"<h2 id=\"product-description-short-39\" class=\"product-description-short mt200 mt_xs50\">Un tonico calmante e idratante per preparare la pelle ai prossimi prodotti di trattamento<\/h2>\n<div class=\"col-md-2\"><\/div>\n<div class=\"col-md-8 product-description text-justify\">\n<p>Le Visage Tonique Relaxant \u00e8 una lozione rinfrescante, senza alcool, che elimina tutte le impurit\u00e0 e lascia la pelle idratata e lenita. Pi\u00f9 che un tonico, esso aiuta egualmente la pelle a mantenere e rigenerare la propria funzione di barriera. Conviene particolarmente alle pelli sensibili.<\/p>\n<\/div>\n<p>&nbsp;<\/p>\n<p>&nbsp;<\/p>\n<p>FORMATO: 150 ml<\/p>\n","protected":false},"excerpt":{"rendered":"<p>Un tonico calmante e idratante per preparare la pelle ai prossimi prodotti di trattamento Le Visage Tonique Relaxant \u00e8 una lozione rinfrescante, senza alcool, che elimina tutte le impurit\u00e0 e lascia la pelle idratata e lenita. Pi\u00f9 che un tonico, esso aiuta egualmente la pelle a mantenere e rigenerare la propria funzione di barriera. Conviene [&hellip;]<\/p>\n","protected":false},"featured_media":69338,"comment_status":"open","ping_status":"closed","template":"","meta":[],"product_cat":[98],"product_tag":[191,144,130,139,162,204,129],"acf":[],"_links":{"self":[{"href":"https:\/\/gabrielagoffiprofumeria.com\/new\/wp-json\/wp\/v2\/product\/69336"}],"collection":[{"href":"https:\/\/gabrielagoffiprofumeria.com\/new\/wp-json\/wp\/v2\/product"}],"about":[{"href":"https:\/\/gabrielagoffiprofumeria.com\/new\/wp-json\/wp\/v2\/types\/product"}],"replies":[{"embeddable":true,"href":"https:\/\/gabrielagoffiprofumeria.com\/new\/wp-json\/wp\/v2\/comments?post=69336"}],"wp:featuredmedia":[{"embeddable":true,"href":"https:\/\/gabrielagoffiprofumeria.com\/new\/wp-json\/wp\/v2\/media\/69338"}],"wp:attachment":[{"href":"https:\/\/gabrielagoffiprofumeria.com\/new\/wp-json\/wp\/v2\/media?parent=69336"}],"wp:term":[{"taxonomy":"product_cat","embeddable":true,"href":"https:\/\/gabrielagoffiprofumeria.com\/new\/wp-json\/wp\/v2\/product_cat?post=69336"},{"taxonomy":"product_tag","embeddable":true,"href":"https:\/\/gabrielagoffiprofumeria.com\/new\/wp-json\/wp\/v2\/product_tag?post=69336"}],"curies":[{"name":"wp","href":"https:\/\/api.w.org\/{rel}","templated":true}]}}