{"id":70088,"date":"2020-04-16T17:44:53","date_gmt":"2020-04-16T15:44:53","guid":{"rendered":"http:\/\/gabrielagoffiprofumeria.com\/new\/?post_type=product&#038;p=70088"},"modified":"2022-03-01T18:21:53","modified_gmt":"2022-03-01T17:21:53","slug":"clarifying-lotion-347","status":"publish","type":"product","link":"https:\/\/gabrielagoffiprofumeria.com\/new\/product\/clarifying-lotion-347\/","title":{"rendered":"Clarifying Lotion 4.0 Pelle Oleosa e Pelle Molto Oleosa"},"content":{"rendered":"<div class=\"abstract\">\n<div class=\"abstract\">\n<p>Libera con delicatezza la superficie cutanea da ogni forma di desquamazione e rivela una pelle pi\u00f9 fresca e vitale. Quando lo strato di opacit\u00e0 e cellule morte \u00e8 stato rimosso, le formule idratanti e di trattamento penetrano con maggior facilit\u00e0 nella cute dove esplicano la propria azione con maggior efficacia. L&#8217;incarnato diventa pi\u00f9 morbido, pi\u00f9 radioso ed illuminato da una splendida vitalit\u00e0.Rivela una pelle dall&#8217;aspetto pi\u00f9 giovane, all&#8217;istante e nel tempo. Clarifying Lotion ammorbidisce le linee sottili, per aiutare la pelle ad apparire pi\u00f9 giovane, pi\u00f9 a lungo.<\/p>\n<p>Ideale per il Tipo di Pelle 4 &#8211; da Oleosa a Molto Oleosa<\/p>\n<p>La nostra filosofia di purezza.<\/p>\n<p>Semplici. Sicuri. Efficaci.<br \/>\nSempre formulati per il massimo dei risultati, senza irritazioni.<br \/>\nProvato contro le allergie.<br \/>\nPrivo di profumo al 100%<\/p>\n<\/div>\n<div class=\"ingredients_container\">\n<div class=\"ingredients\">\n<div class=\"ingredients__header\">Ingredienti<\/div>\n<div class=\"ingredients__content js-ingredients\">WaterAquaEau , Alcohol Denat. , Glycerin , Hamamelis Virginiana (Witch Hazel) , Menthol , Acetyl Glucosamine , Trehalose , Sodium Hyaluronate , Butylene Glycol , Sodium Bicarbonate , Red 6 (Ci 15850) , Red 33 (Ci 17200) , Ext. Violet 2 (Ci 60730)<\/div>\n<div class=\"ingredients__disclaimer\">Si prega di notare che gli ingredienti possono cambiare o variare di volta in volta. Si prega di fare riferimento alla lista degli ingredienti riportata sulla confezione del prodotto.<\/div>\n<\/div>\n<\/div>\n<\/div>\n<p><strong>Formato:<\/strong> 200 ml, 400 ml<\/p>\n","protected":false},"excerpt":{"rendered":"<p>Libera con delicatezza la superficie cutanea da ogni forma di desquamazione e rivela una pelle pi\u00f9 fresca e vitale. Quando lo strato di opacit\u00e0 e cellule morte \u00e8 stato rimosso, le formule idratanti e di trattamento penetrano con maggior facilit\u00e0 nella cute dove esplicano la propria azione con maggior efficacia. L&#8217;incarnato diventa pi\u00f9 morbido, pi\u00f9 [&hellip;]<\/p>\n","protected":false},"featured_media":70091,"comment_status":"open","ping_status":"closed","template":"","meta":[],"product_cat":[98],"product_tag":[320,327,181,191,138,331,330,129],"acf":[],"_links":{"self":[{"href":"https:\/\/gabrielagoffiprofumeria.com\/new\/wp-json\/wp\/v2\/product\/70088"}],"collection":[{"href":"https:\/\/gabrielagoffiprofumeria.com\/new\/wp-json\/wp\/v2\/product"}],"about":[{"href":"https:\/\/gabrielagoffiprofumeria.com\/new\/wp-json\/wp\/v2\/types\/product"}],"replies":[{"embeddable":true,"href":"https:\/\/gabrielagoffiprofumeria.com\/new\/wp-json\/wp\/v2\/comments?post=70088"}],"wp:featuredmedia":[{"embeddable":true,"href":"https:\/\/gabrielagoffiprofumeria.com\/new\/wp-json\/wp\/v2\/media\/70091"}],"wp:attachment":[{"href":"https:\/\/gabrielagoffiprofumeria.com\/new\/wp-json\/wp\/v2\/media?parent=70088"}],"wp:term":[{"taxonomy":"product_cat","embeddable":true,"href":"https:\/\/gabrielagoffiprofumeria.com\/new\/wp-json\/wp\/v2\/product_cat?post=70088"},{"taxonomy":"product_tag","embeddable":true,"href":"https:\/\/gabrielagoffiprofumeria.com\/new\/wp-json\/wp\/v2\/product_tag?post=70088"}],"curies":[{"name":"wp","href":"https:\/\/api.w.org\/{rel}","templated":true}]}}