{"id":70182,"date":"2020-04-18T17:32:43","date_gmt":"2020-04-18T15:32:43","guid":{"rendered":"http:\/\/gabrielagoffiprofumeria.com\/new\/?post_type=product&#038;p=70182"},"modified":"2020-04-18T17:35:23","modified_gmt":"2020-04-18T15:35:23","slug":"pore-refining-solutions-charcoal-mask","status":"publish","type":"product","link":"https:\/\/gabrielagoffiprofumeria.com\/new\/product\/pore-refining-solutions-charcoal-mask\/","title":{"rendered":"Pore Refining Solutions Charcoal Mask"},"content":{"rendered":"<div class=\"abstract\">Maschera opacizzante che assorbe l&#8217;oleosit\u00e0 in eccesso e le impurit\u00e0 per purificare la pelle. La polvere di carbone fa riaffiorare le impurit\u00e0 per liberare i pori e una combinazione di argille minerali naturali assorbe l&#8217;oleosit\u00e0 in eccesso. La pelle appare pi\u00f9 fresca, liscia; i pori appaiono notevolmente ridotti. Priva di oli. Per la pelle da Oleosa a Molto Oleosa.<br \/>\nLa nostra filosofia di purezza.<br \/>\nSemplici. Sicuri. Efficaci.<br \/>\nSempre formulati per il massimo dei risultati, senza irritazioni.<br \/>\nProvato contro le allergie.<br \/>\nPrivo di profumo al 100%<\/div>\n<div class=\"ingredients_container\">\n<div class=\"ingredients\">\n<div class=\"ingredients__header\">Ingredienti<\/div>\n<div class=\"ingredients__content js-ingredients\">Water\\Aqua\\Eau, Kaolin, Butylene Glycol, Bentonite, Montmorillonite, Polysorbate 20, Peg-100 Stearate, Glycerin, Charcoal Powder, Laminaria Saccharina Extract, Caffeine, Lecithin, Sucrose, Propylene Glycol Laurate, Ethylhexylglycerin, Caprylyl Glycol, Propylene Glycol Stearate, Sodium Hyaluronate, Simethicone, Sorbitan Laurate, Peg-150 Distearate, Hexylene Glycol, Xanthan Gum, Galactoarabinan, Trisodium Edta, Phenoxyethanol, Iron Oxides (Ci 77499)<\/div>\n<div class=\"ingredients__disclaimer\">Si prega di notare che gli ingredienti possono cambiare o variare di volta in volta. Si prega di fare riferimento alla lista degli ingredienti riportata sulla confezione del prodotto.<\/div>\n<\/div>\n<\/div>\n<p>&nbsp;<\/p>\n<p><strong>Formato:\u00a0<\/strong> 100 ml<\/p>\n","protected":false},"excerpt":{"rendered":"<p>Maschera opacizzante che assorbe l&#8217;oleosit\u00e0 in eccesso e le impurit\u00e0 per purificare la pelle. La polvere di carbone fa riaffiorare le impurit\u00e0 per liberare i pori e una combinazione di argille minerali naturali assorbe l&#8217;oleosit\u00e0 in eccesso. La pelle appare pi\u00f9 fresca, liscia; i pori appaiono notevolmente ridotti. Priva di oli. Per la pelle da [&hellip;]<\/p>\n","protected":false},"featured_media":70184,"comment_status":"open","ping_status":"closed","template":"","meta":[],"product_cat":[98],"product_tag":[320,340,191,232,136,331,330],"acf":[],"_links":{"self":[{"href":"https:\/\/gabrielagoffiprofumeria.com\/new\/wp-json\/wp\/v2\/product\/70182"}],"collection":[{"href":"https:\/\/gabrielagoffiprofumeria.com\/new\/wp-json\/wp\/v2\/product"}],"about":[{"href":"https:\/\/gabrielagoffiprofumeria.com\/new\/wp-json\/wp\/v2\/types\/product"}],"replies":[{"embeddable":true,"href":"https:\/\/gabrielagoffiprofumeria.com\/new\/wp-json\/wp\/v2\/comments?post=70182"}],"wp:featuredmedia":[{"embeddable":true,"href":"https:\/\/gabrielagoffiprofumeria.com\/new\/wp-json\/wp\/v2\/media\/70184"}],"wp:attachment":[{"href":"https:\/\/gabrielagoffiprofumeria.com\/new\/wp-json\/wp\/v2\/media?parent=70182"}],"wp:term":[{"taxonomy":"product_cat","embeddable":true,"href":"https:\/\/gabrielagoffiprofumeria.com\/new\/wp-json\/wp\/v2\/product_cat?post=70182"},{"taxonomy":"product_tag","embeddable":true,"href":"https:\/\/gabrielagoffiprofumeria.com\/new\/wp-json\/wp\/v2\/product_tag?post=70182"}],"curies":[{"name":"wp","href":"https:\/\/api.w.org\/{rel}","templated":true}]}}