{"id":70250,"date":"2020-04-21T16:02:39","date_gmt":"2020-04-21T14:02:39","guid":{"rendered":"http:\/\/gabrielagoffiprofumeria.com\/new\/?post_type=product&#038;p=70250"},"modified":"2020-04-21T16:10:52","modified_gmt":"2020-04-21T14:10:52","slug":"fresh-pressed-7-day-system-with-pure-vitamin-c-2","status":"publish","type":"product","link":"https:\/\/gabrielagoffiprofumeria.com\/new\/product\/fresh-pressed-7-day-system-with-pure-vitamin-c-2\/","title":{"rendered":"Fresh Pressed 7-Day System with Pure Vitamin C"},"content":{"rendered":"<div class=\"abstract\">\n<p>Riconquista l&#8217;aspetto pi\u00f9 giovane della tua pelle grazie al potere antiet\u00e0 della Vitamina C fresca e pura. Rivitalizza e rinnova con questo sistema antiet\u00e0 7 giorni, che contiene:<\/p>\n<ul>\n<li>7 confezioni monodose di Detergente viso in polvere con la Vitamina C<\/li>\n<li>1 fiala di Attivatore di trattamento con 10% di pura Vitamina C<\/li>\n<\/ul>\n<p><strong>Qual \u00e8 lo scopo della sua formula<\/strong><br \/>\nQuesto semplice sistema in due step contiene Vitamina C pura, una delle pi\u00f9 potenti vitamine antiet\u00e0.<br \/>\nDalla prima applicazione, la pelle apparir\u00e0 pi\u00f9 luminosa. Con l&#8217;uso costante, si noteranno straordinari risultati antiet\u00e0:<br \/>\npelle notevolmente rassodata , uniforme e levigata; linee e rughe visibilmente ridotte; aspetto pi\u00f9 luminoso e giovane.<\/p>\n<p><strong>Cos&#8217;altro devi sapere<br \/>\n<\/strong>Fresco vuol dire potente. L\u2019efficacia della Vitamina C si riduce naturalmente quando viene a contatto con l\u2019ossigeno, quindi quanto pi\u00f9 \u00e8 fresca, tanto pi\u00f9 la sua azione \u00e8 potente. Lo speciale packaging isola la Vitamina C pura fino alla sua attivazione, preservandone la freschezza e l\u2019efficacia.<br \/>\nPer tutti i tipi di pelle.<\/p>\n<p>La nostra filosofia di purezza.<br \/>\nSemplici. Sicuri. Efficaci.<br \/>\nSempre formulati per il massimo dei risultati, senza irritazioni.<br \/>\nProvato contro le allergie.<br \/>\nPrivo di profumo al 100%<\/p>\n<\/div>\n<div class=\"ingredients_container\">\n<div class=\"ingredients\">\n<div class=\"ingredients__header\">Ingredienti<\/div>\n<div class=\"ingredients__content js-ingredients\">dients: Maltodextrin, Sodium Lauryl Sulfoacetate, Sodium Cocoyl Isethionate, Sodium Methyl Cocoyl Taurate, Kaolin, Ascorbic Acid, Sodium Chloride, Sapindus Mukurossi Peel Extract, Salicylic Acid, Allyl Methacrylates Crosspolymer, Cyclodextrin, Coconut Acid, Ethylbisiminomethylguaiacol Manganese Chloride, Water\\Aqua\\Eau, Disodium Edta Rds Product Name: Fresh Pressed Daily Bstr Vit C 10% Division: Cl (Clinique)Ingredients: Water\\Aqua\\Eau, Ascorbic Acid, Glycerin, Dimethicone, Squalane, Butylene Glycol, Dipropylene Glycol, Acetyl Glucosamine, Cucumis Sativus (Cucumber) Fruit Extract, Hordeum Vulgare (Barley) Extract\\Extrait D&#8217;Orge, Molasses Extract\\Saccharum Officinarum\\Extrait De M\u00e9lasse, Laminaria Digitata Extract, Acetyl Hexapeptide-8, Algae Extract, Palmitoyl Hexapeptide-12, Palmitoyl Tripeptide-1, Palmitoyl Tetrapeptide-7, Alcaligenes Polysaccharides, Caffeine, Sucrose, Betaine, Whey Protein\\Lactis Protein\\Prot\u00e9ine Du Petit-Lait, Salicylic Acid, Glycine Soja (Soybean) Protein, Sodium Hyaluronate, Caprylyl Glycol, Sigesbeckia Orientalis (St. Paul&#8217;S Wort) Extract, Bis-Peg-18 Methyl Ether Dimethyl Silane, Propylene Glycol Dicaprate, Helianthus Annuus (Sunflower) Seedcake, Allyl Methacrylates Crosspolymer, Carbomer, Glyceryl Polymethacrylate, Tromethamine, Xanthan Gum, Potassium Sorbate, Peg-8, Calcium Chloride, Polysorbate 20, Sodium Citrate, Disodium Edta, Phenoxyethanol<\/div>\n<div class=\"ingredients__disclaimer\">Si prega di notare che gli ingredienti possono cambiare o variare di volta in volta. Si prega di fare riferimento alla lista degli ingredienti riportata sulla confezione del prodotto.<\/div>\n<\/div>\n<\/div>\n<p>&nbsp;<\/p>\n<p>&nbsp;<\/p>\n<p><strong>Formato:\u00a0<\/strong> \/<\/p>\n","protected":false},"excerpt":{"rendered":"<p>Riconquista l&#8217;aspetto pi\u00f9 giovane della tua pelle grazie al potere antiet\u00e0 della Vitamina C fresca e pura. Rivitalizza e rinnova con questo sistema antiet\u00e0 7 giorni, che contiene: 7 confezioni monodose di Detergente viso in polvere con la Vitamina C 1 fiala di Attivatore di trattamento con 10% di pura Vitamina C Qual \u00e8 lo [&hellip;]<\/p>\n","protected":false},"featured_media":70252,"comment_status":"open","ping_status":"closed","template":"","meta":[],"product_cat":[98],"product_tag":[320,297,181,191,129],"acf":[],"_links":{"self":[{"href":"https:\/\/gabrielagoffiprofumeria.com\/new\/wp-json\/wp\/v2\/product\/70250"}],"collection":[{"href":"https:\/\/gabrielagoffiprofumeria.com\/new\/wp-json\/wp\/v2\/product"}],"about":[{"href":"https:\/\/gabrielagoffiprofumeria.com\/new\/wp-json\/wp\/v2\/types\/product"}],"replies":[{"embeddable":true,"href":"https:\/\/gabrielagoffiprofumeria.com\/new\/wp-json\/wp\/v2\/comments?post=70250"}],"wp:featuredmedia":[{"embeddable":true,"href":"https:\/\/gabrielagoffiprofumeria.com\/new\/wp-json\/wp\/v2\/media\/70252"}],"wp:attachment":[{"href":"https:\/\/gabrielagoffiprofumeria.com\/new\/wp-json\/wp\/v2\/media?parent=70250"}],"wp:term":[{"taxonomy":"product_cat","embeddable":true,"href":"https:\/\/gabrielagoffiprofumeria.com\/new\/wp-json\/wp\/v2\/product_cat?post=70250"},{"taxonomy":"product_tag","embeddable":true,"href":"https:\/\/gabrielagoffiprofumeria.com\/new\/wp-json\/wp\/v2\/product_tag?post=70250"}],"curies":[{"name":"wp","href":"https:\/\/api.w.org\/{rel}","templated":true}]}}