{"id":71045,"date":"2026-03-14T18:06:43","date_gmt":"2026-03-14T17:06:43","guid":{"rendered":"https:\/\/gabrielagoffiprofumeria.com\/new\/?post_type=product&#038;p=71045"},"modified":"2026-03-14T18:15:16","modified_gmt":"2026-03-14T17:15:16","slug":"liola-firm","status":"publish","type":"product","link":"https:\/\/gabrielagoffiprofumeria.com\/new\/product\/liola-firm\/","title":{"rendered":"LIOLA&#8217; FIRMANCER"},"content":{"rendered":"<section class=\"elementor-section elementor-top-section elementor-element elementor-element-4586728 elementor-section-boxed elementor-section-height-default elementor-section-height-default\" data-id=\"4586728\" data-element_type=\"section\" data-e-type=\"section\">\n<div class=\"elementor-container elementor-column-gap-default\">\n<div class=\"elementor-column elementor-col-100 elementor-top-column elementor-element elementor-element-df4282b\" data-id=\"df4282b\" data-element_type=\"column\" data-e-type=\"column\">\n<div class=\"elementor-widget-wrap elementor-element-populated\">\n<div class=\"elementor-element elementor-element-22d7cd7 elementor-widget elementor-widget-heading\" data-id=\"22d7cd7\" data-element_type=\"widget\" data-e-type=\"widget\" data-widget_type=\"heading.default\">\n<div class=\"elementor-widget-container\">\n<h2 class=\"elementor-heading-title elementor-size-default\"><a href=\"https:\/\/gabrielagoffiprofumeria.com\/new\/wp-content\/uploads\/2026\/03\/firmancer.webp\"><img loading=\"lazy\" width=\"300\" height=\"300\" class=\"alignnone size-medium wp-image-71047\" src=\"https:\/\/gabrielagoffiprofumeria.com\/new\/wp-content\/uploads\/2026\/03\/firmancer-300x300.webp\" alt=\"\" srcset=\"https:\/\/gabrielagoffiprofumeria.com\/new\/wp-content\/uploads\/2026\/03\/firmancer-300x300.webp 300w, https:\/\/gabrielagoffiprofumeria.com\/new\/wp-content\/uploads\/2026\/03\/firmancer-1024x1024.webp 1024w, https:\/\/gabrielagoffiprofumeria.com\/new\/wp-content\/uploads\/2026\/03\/firmancer-150x150.webp 150w, https:\/\/gabrielagoffiprofumeria.com\/new\/wp-content\/uploads\/2026\/03\/firmancer-768x768.webp 768w, https:\/\/gabrielagoffiprofumeria.com\/new\/wp-content\/uploads\/2026\/03\/firmancer-600x600.webp 600w, https:\/\/gabrielagoffiprofumeria.com\/new\/wp-content\/uploads\/2026\/03\/firmancer-100x100.webp 100w, https:\/\/gabrielagoffiprofumeria.com\/new\/wp-content\/uploads\/2026\/03\/firmancer.webp 1500w\" sizes=\"(max-width: 300px) 100vw, 300px\" \/><\/a><\/h2>\n<h2 class=\"elementor-heading-title elementor-size-default\">Firmancer crema collo e d\u00e9collet\u00e9. Estremamente rara.<\/h2>\n<\/div>\n<\/div>\n<\/div>\n<\/div>\n<\/div>\n<\/section>\n<section class=\"elementor-section elementor-top-section elementor-element elementor-element-b9104e6 elementor-section-boxed elementor-section-height-default elementor-section-height-default\" data-id=\"b9104e6\" data-element_type=\"section\" data-e-type=\"section\">\n<div class=\"elementor-container elementor-column-gap-default\">\n<div class=\"elementor-column elementor-col-100 elementor-top-column elementor-element elementor-element-ad99de9\" data-id=\"ad99de9\" data-element_type=\"column\" data-e-type=\"column\">\n<div class=\"elementor-widget-wrap elementor-element-populated\">\n<section class=\"elementor-section elementor-inner-section elementor-element elementor-element-13fd01c elementor-section-boxed elementor-section-height-default elementor-section-height-default\" data-id=\"13fd01c\" data-element_type=\"section\" data-e-type=\"section\">\n<div class=\"elementor-container elementor-column-gap-default\">\n<div class=\"elementor-column elementor-col-50 elementor-inner-column elementor-element elementor-element-d00af2b\" data-id=\"d00af2b\" data-element_type=\"column\" data-e-type=\"column\">\n<div class=\"elementor-widget-wrap elementor-element-populated\">\n<div class=\"elementor-element elementor-element-3b9eb1f elementor-widget elementor-widget-text-editor\" data-id=\"3b9eb1f\" data-element_type=\"widget\" data-e-type=\"widget\" data-widget_type=\"text-editor.default\">\n<div class=\"elementor-widget-container\">\n<p class=\"p1\"><i>Concediti il lusso di un rituale quotidiano pensato per la zona pi\u00f9 delicata e affascinante del tuo meraviglioso corpo.<\/i><\/p>\n<\/div>\n<\/div>\n<div class=\"elementor-element elementor-element-207fa19 elementor-widget elementor-widget-heading\" data-id=\"207fa19\" data-element_type=\"widget\" data-e-type=\"widget\" data-widget_type=\"heading.default\">\n<div class=\"elementor-widget-container\">\n<h4 class=\"elementor-heading-title elementor-size-default\">Semplicemente inimitabile.<\/h4>\n<\/div>\n<\/div>\n<div class=\"elementor-element elementor-element-14b1ba1 elementor-widget elementor-widget-text-editor\" data-id=\"14b1ba1\" data-element_type=\"widget\" data-e-type=\"widget\" data-widget_type=\"text-editor.default\">\n<div class=\"elementor-widget-container\">\n<p class=\"p1\"><span class=\"s1\"><b>Firmancer crema collo e d\u00e9collet\u00e9<\/b><\/span>\u00a0\u00e8 il trattamento firmato\u00a0<span class=\"s1\"><b>Liol\u00e0\u2019s Cosmetics<\/b><\/span>\u00a0che ridefinisce, rassoda e illumina, con un effetto tensore visibile fin dalle prime applicazioni. Studiata per agire su una delle aree pi\u00f9 sensibili all\u2019invecchiamento cutaneo, questa crema dona nuova armonia al profilo del viso e alla linea del collo.<\/p>\n<\/div>\n<\/div>\n<div class=\"elementor-element elementor-element-41cfbce elementor-widget elementor-widget-heading\" data-id=\"41cfbce\" data-element_type=\"widget\" data-e-type=\"widget\" data-widget_type=\"heading.default\">\n<div class=\"elementor-widget-container\">\n<h4 class=\"elementor-heading-title elementor-size-default\">Un gesto delicato<\/h4>\n<\/div>\n<\/div>\n<div class=\"elementor-element elementor-element-8ef557b elementor-widget elementor-widget-text-editor\" data-id=\"8ef557b\" data-element_type=\"widget\" data-e-type=\"widget\" data-widget_type=\"text-editor.default\">\n<div class=\"elementor-widget-container\">\n<p class=\"p1\">Formulata con\u00a0<span class=\"s1\"><b>acido ialuronico a doppio peso molecolare<\/b><\/span>,\u00a0<span class=\"s1\"><b>Bakuchiol<\/b><\/span>, e la straordinaria\u00a0<span class=\"s1\"><b>pianta della resurrezione<\/b><\/span>, Firmancer idrata in profondit\u00e0, stimola la produzione di collagene e contrasta i segni del tempo con un\u2019azione anti-aging avanzata.<\/p>\n<p class=\"p1\">Ogni applicazione \u00e8 un gesto di cura che regala compattezza, tono e luminosit\u00e0 alla pelle, lasciandola visibilmente pi\u00f9 liscia, distesa e giovane.<\/p>\n<\/div>\n<\/div>\n<\/div>\n<\/div>\n<\/div>\n<\/section>\n<\/div>\n<\/div>\n<\/div>\n<\/section>\n","protected":false},"excerpt":{"rendered":"<div id=\"tab-description\" class=\"entry-content woocommerce-Tabs-panel woocommerce-Tabs-panel--description wd-active panel wc-tab\" role=\"tabpanel\" aria-labelledby=\"tab-title-description\" data-accordion-index=\"description\">\n<div class=\"wc-tab-inner\">\n<div class=\"page\" title=\"Page 1\">\n<div class=\"section\">\n<div class=\"layoutArea\">\n<div class=\"column\">\n<div class=\"page\" title=\"Page 1\">\n<div class=\"section\">\n<div class=\"layoutArea\">\n<div class=\"column\">\n<div class=\"elementor-element elementor-element-aa5e34b elementor-widget elementor-widget-text-editor\" data-id=\"aa5e34b\" data-element_type=\"widget\" data-e-type=\"widget\" data-widget_type=\"text-editor.default\">\n<div class=\"elementor-widget-container\">\n<p>Una crema collo\/decollet\u00e9 leggera dal confortevole skin feel che dura tutto il giorno. Ringiovanisce la pelle grazie alla presenza di Acido Ialuronico altamente performante, poich\u00e9 composto da due pesi molecolari mixati tra loro: garantisce un effetto rimpolpante e di sollevamento delle rughe, assicura un intenso potere idratante e dona alla pelle un effetto tensore immediato e duraturo, rimodellando i tratti del decollet\u00e8.<\/p>\n<p>L\u2019aggiunta del Bakuchiol, alternativa al retinolo, riduce la comparsa di rughe e migliora la compattezza della pelle, levigando la consistenza e accrescendo la luminosit\u00e0. Con estratto di Calendula, rinomato per le sue propriet\u00e0 lenitive, calmanti e rigeneranti.<\/p>\n<p>Con complesso antipollution per difendere la pelle dalle aggressioni dell\u2019inquinamento.<\/p>\n<\/div>\n<\/div>\n<div class=\"elementor-element elementor-element-cffb5a9 elementor-widget elementor-widget-text-editor\" data-id=\"cffb5a9\" data-element_type=\"widget\" data-e-type=\"widget\" data-widget_type=\"text-editor.default\">\n<div class=\"elementor-widget-container\">\n<h3><b>Perch\u00e9 scegliere Firmancer crema collo e d\u00e9collet\u00e9:<\/b><\/h3>\n<ul>\n<li>\n<p class=\"p1\"><b>Effetto lifting naturale<\/b><b><\/b><\/p>\n<\/li>\n<li>\n<p class=\"p1\"><b>Texture vellutata e non grassa<\/b><b><\/b><\/p>\n<\/li>\n<li>\n<p class=\"p1\"><b>Ingredienti botanici biotecnologici<\/b><b><\/b><\/p>\n<\/li>\n<li>\n<p class=\"p1\"><b>99,5% di naturalit\u00e0<\/b><b><\/b><\/p>\n<\/li>\n<li>\n<p class=\"p1\"><b>Dermatologicamente testata e senza allergeni<\/b><\/p>\n<\/li>\n<\/ul>\n<\/div>\n<\/div>\n<\/div>\n<\/div>\n<\/div>\n<\/div>\n<\/div>\n<\/div>\n<\/div>\n<\/div>\n<\/div>\n<\/div>\n","protected":false},"featured_media":71047,"comment_status":"open","ping_status":"closed","template":"","meta":[],"product_cat":[98],"product_tag":[156,130,300,328,391],"acf":[],"_links":{"self":[{"href":"https:\/\/gabrielagoffiprofumeria.com\/new\/wp-json\/wp\/v2\/product\/71045"}],"collection":[{"href":"https:\/\/gabrielagoffiprofumeria.com\/new\/wp-json\/wp\/v2\/product"}],"about":[{"href":"https:\/\/gabrielagoffiprofumeria.com\/new\/wp-json\/wp\/v2\/types\/product"}],"replies":[{"embeddable":true,"href":"https:\/\/gabrielagoffiprofumeria.com\/new\/wp-json\/wp\/v2\/comments?post=71045"}],"wp:featuredmedia":[{"embeddable":true,"href":"https:\/\/gabrielagoffiprofumeria.com\/new\/wp-json\/wp\/v2\/media\/71047"}],"wp:attachment":[{"href":"https:\/\/gabrielagoffiprofumeria.com\/new\/wp-json\/wp\/v2\/media?parent=71045"}],"wp:term":[{"taxonomy":"product_cat","embeddable":true,"href":"https:\/\/gabrielagoffiprofumeria.com\/new\/wp-json\/wp\/v2\/product_cat?post=71045"},{"taxonomy":"product_tag","embeddable":true,"href":"https:\/\/gabrielagoffiprofumeria.com\/new\/wp-json\/wp\/v2\/product_tag?post=71045"}],"curies":[{"name":"wp","href":"https:\/\/api.w.org\/{rel}","templated":true}]}}

<section class="elementor-section elementor-top-section elementor-element elementor-element-4586728 elementor-section-boxed elementor-section-height-default elementor-section-height-default" data-id="4586728" data-element_type="section" data-e-type="section">
<div class="elementor-container elementor-column-gap-default">
<div class="elementor-column elementor-col-100 elementor-top-column elementor-element elementor-element-df4282b" data-id="df4282b" data-element_type="column" data-e-type="column">
<div class="elementor-widget-wrap elementor-element-populated">
<div class="elementor-element elementor-element-22d7cd7 elementor-widget elementor-widget-heading" data-id="22d7cd7" data-element_type="widget" data-e-type="widget" data-widget_type="heading.default">
<div class="elementor-widget-container">
<h2 class="elementor-heading-title elementor-size-default"><a href="https://gabrielagoffiprofumeria.com/new/wp-content/uploads/2026/03/firmancer.webp"><img loading="lazy" width="300" height="300" class="alignnone size-medium wp-image-71047" src="https://gabrielagoffiprofumeria.com/new/wp-content/uploads/2026/03/firmancer-300x300.webp" alt="" srcset="https://gabrielagoffiprofumeria.com/new/wp-content/uploads/2026/03/firmancer-300x300.webp 300w, https://gabrielagoffiprofumeria.com/new/wp-content/uploads/2026/03/firmancer-1024x1024.webp 1024w, https://gabrielagoffiprofumeria.com/new/wp-content/uploads/2026/03/firmancer-150x150.webp 150w, https://gabrielagoffiprofumeria.com/new/wp-content/uploads/2026/03/firmancer-768x768.webp 768w, https://gabrielagoffiprofumeria.com/new/wp-content/uploads/2026/03/firmancer-600x600.webp 600w, https://gabrielagoffiprofumeria.com/new/wp-content/uploads/2026/03/firmancer-100x100.webp 100w, https://gabrielagoffiprofumeria.com/new/wp-content/uploads/2026/03/firmancer.webp 1500w" sizes="(max-width: 300px) 100vw, 300px" /></a></h2>
<h2 class="elementor-heading-title elementor-size-default">Firmancer crema collo e décolleté. Estremamente rara.</h2>
</div>
</div>
</div>
</div>
</div>
</section>
<section class="elementor-section elementor-top-section elementor-element elementor-element-b9104e6 elementor-section-boxed elementor-section-height-default elementor-section-height-default" data-id="b9104e6" data-element_type="section" data-e-type="section">
<div class="elementor-container elementor-column-gap-default">
<div class="elementor-column elementor-col-100 elementor-top-column elementor-element elementor-element-ad99de9" data-id="ad99de9" data-element_type="column" data-e-type="column">
<div class="elementor-widget-wrap elementor-element-populated">
<section class="elementor-section elementor-inner-section elementor-element elementor-element-13fd01c elementor-section-boxed elementor-section-height-default elementor-section-height-default" data-id="13fd01c" data-element_type="section" data-e-type="section">
<div class="elementor-container elementor-column-gap-default">
<div class="elementor-column elementor-col-50 elementor-inner-column elementor-element elementor-element-d00af2b" data-id="d00af2b" data-element_type="column" data-e-type="column">
<div class="elementor-widget-wrap elementor-element-populated">
<div class="elementor-element elementor-element-3b9eb1f elementor-widget elementor-widget-text-editor" data-id="3b9eb1f" data-element_type="widget" data-e-type="widget" data-widget_type="text-editor.default">
<div class="elementor-widget-container">
<p class="p1"><i>Concediti il lusso di un rituale quotidiano pensato per la zona più delicata e affascinante del tuo meraviglioso corpo.</i></p>
</div>
</div>
<div class="elementor-element elementor-element-207fa19 elementor-widget elementor-widget-heading" data-id="207fa19" data-element_type="widget" data-e-type="widget" data-widget_type="heading.default">
<div class="elementor-widget-container">
<h4 class="elementor-heading-title elementor-size-default">Semplicemente inimitabile.</h4>
</div>
</div>
<div class="elementor-element elementor-element-14b1ba1 elementor-widget elementor-widget-text-editor" data-id="14b1ba1" data-element_type="widget" data-e-type="widget" data-widget_type="text-editor.default">
<div class="elementor-widget-container">
<p class="p1"><span class="s1"><b>Firmancer crema collo e décolleté</b></span> è il trattamento firmato <span class="s1"><b>Liolà’s Cosmetics</b></span> che ridefinisce, rassoda e illumina, con un effetto tensore visibile fin dalle prime applicazioni. Studiata per agire su una delle aree più sensibili all’invecchiamento cutaneo, questa crema dona nuova armonia al profilo del viso e alla linea del collo.</p>
</div>
</div>
<div class="elementor-element elementor-element-41cfbce elementor-widget elementor-widget-heading" data-id="41cfbce" data-element_type="widget" data-e-type="widget" data-widget_type="heading.default">
<div class="elementor-widget-container">
<h4 class="elementor-heading-title elementor-size-default">Un gesto delicato</h4>
</div>
</div>
<div class="elementor-element elementor-element-8ef557b elementor-widget elementor-widget-text-editor" data-id="8ef557b" data-element_type="widget" data-e-type="widget" data-widget_type="text-editor.default">
<div class="elementor-widget-container">
<p class="p1">Formulata con <span class="s1"><b>acido ialuronico a doppio peso molecolare</b></span>, <span class="s1"><b>Bakuchiol</b></span>, e la straordinaria <span class="s1"><b>pianta della resurrezione</b></span>, Firmancer idrata in profondità, stimola la produzione di collagene e contrasta i segni del tempo con un’azione anti-aging avanzata.</p>
<p class="p1">Ogni applicazione è un gesto di cura che regala compattezza, tono e luminosità alla pelle, lasciandola visibilmente più liscia, distesa e giovane.</p>
</div>
</div>
</div>
</div>
</div>
</section>
</div>
</div>
</div>
</section>

<div id="tab-description" class="entry-content woocommerce-Tabs-panel woocommerce-Tabs-panel--description wd-active panel wc-tab" role="tabpanel" aria-labelledby="tab-title-description" data-accordion-index="description">
<div class="wc-tab-inner">
<div class="page" title="Page 1">
<div class="section">
<div class="layoutArea">
<div class="column">
<div class="page" title="Page 1">
<div class="section">
<div class="layoutArea">
<div class="column">
<div class="elementor-element elementor-element-aa5e34b elementor-widget elementor-widget-text-editor" data-id="aa5e34b" data-element_type="widget" data-e-type="widget" data-widget_type="text-editor.default">
<div class="elementor-widget-container">
<p>Una crema collo/decolleté leggera dal confortevole skin feel che dura tutto il giorno. Ringiovanisce la pelle grazie alla presenza di Acido Ialuronico altamente performante, poiché composto da due pesi molecolari mixati tra loro: garantisce un effetto rimpolpante e di sollevamento delle rughe, assicura un intenso potere idratante e dona alla pelle un effetto tensore immediato e duraturo, rimodellando i tratti del decolletè.</p>
<p>L’aggiunta del Bakuchiol, alternativa al retinolo, riduce la comparsa di rughe e migliora la compattezza della pelle, levigando la consistenza e accrescendo la luminosità. Con estratto di Calendula, rinomato per le sue proprietà lenitive, calmanti e rigeneranti.</p>
<p>Con complesso antipollution per difendere la pelle dalle aggressioni dell’inquinamento.</p>
</div>
</div>
<div class="elementor-element elementor-element-cffb5a9 elementor-widget elementor-widget-text-editor" data-id="cffb5a9" data-element_type="widget" data-e-type="widget" data-widget_type="text-editor.default">
<div class="elementor-widget-container">
<h3><b>Perché scegliere Firmancer crema collo e décolleté:</b></h3>
<ul>
<li>
<p class="p1"><b>Effetto lifting naturale</b><b></b></p>
</li>
<li>
<p class="p1"><b>Texture vellutata e non grassa</b><b></b></p>
</li>
<li>
<p class="p1"><b>Ingredienti botanici biotecnologici</b><b></b></p>
</li>
<li>
<p class="p1"><b>99,5% di naturalità</b><b></b></p>
</li>
<li>
<p class="p1"><b>Dermatologicamente testata e senza allergeni</b></p>
</li>
</ul>
</div>
</div>
</div>
</div>
</div>
</div>
</div>
</div>
</div>
</div>
</div>
</div>
